{"id":1418,"date":"2018-10-19T14:16:34","date_gmt":"2018-10-19T14:16:34","guid":{"rendered":"http:\/\/www.encontrasaoluisma.com.br\/sobre\/?page_id=1418"},"modified":"2018-12-13T10:33:54","modified_gmt":"2018-12-13T10:33:54","slug":"ferry-boat-sao-luis","status":"publish","type":"page","link":"https:\/\/www.encontrasaoluisma.com.br\/sobre\/ferry-boat-sao-luis\/","title":{"rendered":"Ferry Boat S\u00e3o Luis"},"content":{"rendered":"<div class=\"b2725ec362a26ac90450d31a667f90fe\" data-index=\"1\" style=\"float: none; margin:0px;\">\n<!-- Anuncio display - global -->\r\n<ins class=\"adsbygoogle\"\r\n     style=\"display:block\"\r\n     data-ad-client=\"ca-pub-8585364105181520\"\r\n     data-ad-slot=\"8789329856\"\r\n     data-ad-format=\"auto\"\r\n     data-full-width-responsive=\"true\"><\/ins>\r\n<script>\r\n     (adsbygoogle = window.adsbygoogle || []).push({});\r\n<\/script>\n<\/div>\n<p>A\u00a0Travessia S\u00e3o Lu\u00eds-Alc\u00e2ntara\u00a0\u00e9 um sistema de embarca\u00e7\u00f5es do tipo\u00a0balsa\u00a0que faz o transporte de pessoas e ve\u00edculos entre os munic\u00edpios de\u00a0S\u00e3o Lu\u00eds\u00a0e\u00a0Alc\u00e2ntara, no\u00a0Golf\u00e3o Maranhense.<\/p>\n<p>Atualmente, a ilha de\u00a0Upaon A\u00e7u\u00a0possui uma \u00fanica liga\u00e7\u00e3o via transporte rodovi\u00e1rio, atrav\u00e9s da\u00a0ponte Marcelino Machado\u00a0sobre o\u00a0Estreito dos Mosquitos, na BR-135, sendo o transporte por\u00a0<strong><i>ferry boat<\/i>\u00a0<\/strong>uma alternativa para quem deseja fazer a travessia entre a ilha e o continente, al\u00e9m de ser a \u00fanica que permite o transporte de ve\u00edculos sobre embarca\u00e7\u00f5es.<\/p>\n<p><img loading=\"lazy\" decoding=\"async\" class=\"alignnone wp-image-1419 size-full\" title=\"FerryBoat S\u00e3o Luis\" src=\"http:\/\/www.encontrasaoluisma.com.br\/sobre\/wp-content\/uploads\/2018\/10\/ferryboat-sao-luis.gif\" alt=\"FerryBoat S\u00e3o Luis\" width=\"680\" height=\"189\" \/><\/p>\n<h2><span id=\"Hist\u00f3rico\" class=\"mw-headline\">Hist\u00f3rico<\/span><\/h2>\n<p>A travessia por\u00a0balsas\u00a0cruzando a\u00a0Ba\u00eda de S\u00e3o Marcos\u00a0foi inaugurada nos anos 1970. As viagens pelos\u00a0ferry boats, ve\u00edculos maiores e mais modernos, come\u00e7aram a ser feitas em 1988 e, em 2018, completaram 30 anos, transportando pessoas, ve\u00edculos leves, \u00f4nibus, caminh\u00f5es e mercadorias entre as duas cidades.\u00a0A travessia se caracteriza por ser a liga\u00e7\u00e3o mais curta para o escoamento de produtos para a\u00a0Baixada Maranhense, al\u00e9m de ser uma importante alternativa de liga\u00e7\u00e3o entre S\u00e3o Lu\u00eds e\u00a0Bel\u00e9m.<\/p>\n<p>Possui aproximadamente 20 quil\u00f4metros, que s\u00e3o percorridos em pouco mais de 1 hora e meia pelas balsas. O servi\u00e7o tamb\u00e9m beneficia cerca de 35 munic\u00edpios e 2,5 milh\u00f5es de habitantes que residem nestes locais. O uso da embarca\u00e7\u00e3o reduz a viagem S\u00e3o Lu\u00eds\/Baixada Maranhense em at\u00e9 350 Km. O\u00a0servi\u00e7o pode ser uma op\u00e7\u00e3o economicamente vi\u00e1vel em compara\u00e7\u00e3o ao uso da BR-135, reduzindo os custos de manuten\u00e7\u00e3o da via, os congestionamentos e consequente polui\u00e7\u00e3o.<\/p>\n<h2><span id=\"Frota\" class=\"mw-headline\">Frota<\/span><\/h2>\n<div class=\"thumb tright\">\n<div class=\"thumbinner\">\n<div class=\"thumbcaption\">Na d\u00e9cada de 1990, o \u00fanico ferry a ligar S\u00e3o Lu\u00eds e o Cujupe era o &#8220;Ita\u00fana&#8221; da Internacional Mar\u00edtima, inaugurado em setembro de\u00a01995. Hoje, v\u00e1rias outras embarca\u00e7\u00f5es fazem a mesma travessia.<\/div>\n<\/div>\n<\/div>\n<p>Para o Transporte de Passageiros e Cargas, a Servi-porto possui: Ferry Boat Tut\u00f3ia, Ferry Boat\u00a0Ba\u00eda de S\u00e3o Jos\u00e9\u00a0e Ferry Boat Araioses, com capacidade para mais de 1000 passageiros e 70 ve\u00edculos, em m\u00e9dia, por embarca\u00e7\u00e3o.<span style=\"font-size: 13.3333px;\">\u00a0<\/span>A Internacional Mar\u00edtima possui o: Ferry Boat Alc\u00e2ntara, Ferry Boat Ba\u00eda de Marcos I, Ferry Boat Cidade de Cururupu e Ferry Boat Cidade de Pinheiro, al\u00e9m do Ferry Boat Ita\u00fana.<\/p>\n<p>Diariamente, s\u00e3o realizadas 12 viagens no sentido Ponta da Espera-Cujupe e vice-versa, podendo ser feitas viagens extras em dias de maior movimento, como nos feriados, somando at\u00e9 20 viagens.<\/p>\n<h3>Hor\u00e1rio de Funcionamento Ferry Boat\u00a0 em S\u00e3o Lu\u00eds<\/h3>\n<ul>\n<li>24 horas<\/li>\n<\/ul>\n<h3>Endere\u00e7o e Telefone Ferry Boat\u00a0 em S\u00e3o Lu\u00eds<\/h3>\n<ul>\n<li>Terminal Ponta da Espera &#8211; S\u00e3o Lu\u00eds &#8211; MA<\/li>\n<li>Telefone: (98) 98142-7672<\/li>\n<\/ul>\n<h4>Outras informa\u00e7\u00f5es e site<\/h4>\n<ul>\n<li>Mais informa\u00e7\u00f5es:\u00a0<a href=\"http:\/\/www.serviporto.com.br\/\" target=\"_blank\" rel=\"noopener noreferrer\">www.serviporto.com.br<\/a><\/li>\n<\/ul>\n<h4>Mapa de localiza\u00e7\u00e3o<\/h4>\n<a class=\"wp-colorbox-iframe\" href=\"https:\/\/www.google.com\/maps\/embed?pb=!1m18!1m12!1m3!1d63774.40424057501!2d-44.359209211066045!3d-2.5394045762922843!2m3!1f0!2f0!3f0!3m2!1i1024!2i768!4f13.1!3m3!1m2!1s0x7f688fcd00000010x6e4aeea7760f3aa4!2sTerminal+Ferry+Boat!5e0!3m2!1spt-BR!2sbr!4v1539958392039\"><img decoding=\"async\" src=\"http:\/\/www.encontrasaoluisma.com.br\/imgs\/maps-post.png\"><\/a>\n\n<div style=\"font-size: 0px; height: 0px; line-height: 0px; margin: 0; padding: 0; clear: both;\"><\/div>","protected":false},"excerpt":{"rendered":"<p>A\u00a0Travessia S\u00e3o Lu\u00eds-Alc\u00e2ntara\u00a0\u00e9 um sistema de embarca\u00e7\u00f5es do tipo\u00a0balsa\u00a0que faz o transporte de pessoas e ve\u00edculos entre os munic\u00edpios de\u00a0S\u00e3o Lu\u00eds\u00a0e\u00a0Alc\u00e2ntara, no\u00a0Golf\u00e3o Maranhense. Atualmente, a ilha de\u00a0Upaon A\u00e7u\u00a0possui uma \u00fanica liga\u00e7\u00e3o via transporte rodovi\u00e1rio, atrav\u00e9s da\u00a0ponte Marcelino Machado\u00a0sobre o\u00a0Estreito dos Mosquitos, na BR-135, sendo o transporte por\u00a0ferry boat\u00a0uma alternativa para quem deseja fazer a travessia entre a ilha e o continente, al\u00e9m de ser a \u00fanica que permite o transporte de ve\u00edculos sobre embarca\u00e7\u00f5es. Hist\u00f3rico A travessia por\u00a0balsas\u00a0cruzando a\u00a0Ba\u00eda de S\u00e3o Marcos\u00a0foi inaugurada nos anos 1970. As viagens pelos\u00a0ferry boats, ve\u00edculos maiores e mais modernos, come\u00e7aram a ser feitas em <\/p>\n","protected":false},"author":1,"featured_media":0,"parent":0,"menu_order":0,"comment_status":"closed","ping_status":"closed","template":"","meta":{"footnotes":""},"class_list":["post-1418","page","type-page","status-publish","hentry"],"_links":{"self":[{"href":"https:\/\/www.encontrasaoluisma.com.br\/sobre\/wp-json\/wp\/v2\/pages\/1418","targetHints":{"allow":["GET"]}}],"collection":[{"href":"https:\/\/www.encontrasaoluisma.com.br\/sobre\/wp-json\/wp\/v2\/pages"}],"about":[{"href":"https:\/\/www.encontrasaoluisma.com.br\/sobre\/wp-json\/wp\/v2\/types\/page"}],"author":[{"embeddable":true,"href":"https:\/\/www.encontrasaoluisma.com.br\/sobre\/wp-json\/wp\/v2\/users\/1"}],"replies":[{"embeddable":true,"href":"https:\/\/www.encontrasaoluisma.com.br\/sobre\/wp-json\/wp\/v2\/comments?post=1418"}],"version-history":[{"count":3,"href":"https:\/\/www.encontrasaoluisma.com.br\/sobre\/wp-json\/wp\/v2\/pages\/1418\/revisions"}],"predecessor-version":[{"id":1623,"href":"https:\/\/www.encontrasaoluisma.com.br\/sobre\/wp-json\/wp\/v2\/pages\/1418\/revisions\/1623"}],"wp:attachment":[{"href":"https:\/\/www.encontrasaoluisma.com.br\/sobre\/wp-json\/wp\/v2\/media?parent=1418"}],"curies":[{"name":"wp","href":"https:\/\/api.w.org\/{rel}","templated":true}]}}