{"id":1477,"date":"2018-10-20T10:48:09","date_gmt":"2018-10-20T10:48:09","guid":{"rendered":"http:\/\/www.encontrasaoluisma.com.br\/sobre\/?page_id=1477"},"modified":"2018-12-13T10:15:39","modified_gmt":"2018-12-13T10:15:39","slug":"secretaria-municipal-da-saude-sao-luis","status":"publish","type":"page","link":"https:\/\/www.encontrasaoluisma.com.br\/sobre\/secretaria-municipal-da-saude-sao-luis\/","title":{"rendered":"Secretaria Municipal da Sa\u00fade S\u00e3o Luis"},"content":{"rendered":"<div class=\"b2725ec362a26ac90450d31a667f90fe\" data-index=\"1\" style=\"float: none; margin:0px;\">\n<!-- Anuncio display - global -->\r\n<ins class=\"adsbygoogle\"\r\n     style=\"display:block\"\r\n     data-ad-client=\"ca-pub-8585364105181520\"\r\n     data-ad-slot=\"8789329856\"\r\n     data-ad-format=\"auto\"\r\n     data-full-width-responsive=\"true\"><\/ins>\r\n<script>\r\n     (adsbygoogle = window.adsbygoogle || []).push({});\r\n<\/script>\n<\/div>\n<p>A <strong>Secretaria Municipal de Sa\u00fade S\u00e3o Luis<\/strong> tem como atribui\u00e7\u00f5es planejar, desenvolver, orientar, coordenar e executar a pol\u00edtica de sa\u00fade do munic\u00edpio, compreendendo tanto o cuidado ambulatorial quanto o hospitalar.<\/p>\n<p>\u00c9 de responsabilidade da Secretaria tamb\u00e9m planejar, desenvolver e executar as a\u00e7\u00f5es de vigil\u00e2ncia sanit\u00e1ria e epidemiol\u00f3gica afetas \u00e0 sua compet\u00eancia.<\/p>\n<p><img loading=\"lazy\" decoding=\"async\" class=\"alignnone wp-image-1478 size-full\" title=\"Secretaria Municipal da Sa\u00fade S\u00e3o Luis\" src=\"http:\/\/www.encontrasaoluisma.com.br\/sobre\/wp-content\/uploads\/2018\/10\/secretaria-municipal-da-saude-sao-luis.gif\" alt=\"Secretaria Municipal da Sa\u00fade S\u00e3o Luis\" width=\"680\" height=\"189\" \/><\/p>\n<p>A Secretaria Municipal de Sa\u00fade &#8211; SEMUS foi criada pela Lei n\u00ba 1.648, em 10 de janeiro de 1966. A SEMUS \u00e9 um \u00f3rg\u00e3o diretamente subordinado a Prefeitura de S\u00e3o Luis, e tem como objetivo promover assist\u00eancia m\u00e9dico-hospitalar, odontol\u00f3gica, de profilaxias, campanhas sanit\u00e1rias e epidemiol\u00f3gicas de preven\u00e7\u00e3o, bem como instituir o atendimento e acolhimento humanizado ao usu\u00e1rio da rede municipal de sa\u00fade.<\/p>\n<h2>\u00c1rea de Atua\u00e7\u00e3o da Secretaria Municipal da Sa\u00fade S\u00e3o Luis<\/h2>\n<div>A<em> \u00e1rea de atua\u00e7\u00e3o<\/em> da Sa\u00fade divide-se em:<\/div>\n<div><\/div>\n<div>\u00a01 &#8211; Assist\u00eancia, que compreende:<\/div>\n<div><\/div>\n<div>\u00a0\u00a0\u00a0 a) Aten\u00e7\u00e3o B\u00e1sica<\/div>\n<div>\u00a0\u00a0\u00a0 b) M\u00e9dia Complexidade<\/div>\n<div>\u00a0\u00a0\u00a0 c) Alta Complexidade<\/div>\n<div><\/div>\n<div>\u00a02 &#8211; Vigil\u00e2ncia em Sa\u00fade, que aborda:<\/div>\n<div><\/div>\n<div>\u00a0\u00a0\u00a0 a) Vigil\u00e2ncia Sanit\u00e1ria<\/div>\n<div>\u00a0\u00a0\u00a0 b) Vigil\u00e2ncia Epidemiol\u00f3gica<\/div>\n<div>\u00a0\u00a0\u00a0 c) Vigil\u00e2ncia Ambiental<\/p>\n<h3>Responsabilidade da Semus<\/h3>\n<\/div>\n<div>A SEMUS \u00e9 a <em>respons\u00e1vel<\/em> pela programa\u00e7\u00e3o, an\u00e1lise, execu\u00e7\u00e3o e atualiza\u00e7\u00e3o das Pol\u00edticas P\u00fablicas de Sa\u00fade estabelecidas pelo Minist\u00e9rio da Sa\u00fade, al\u00e9m da articula\u00e7\u00e3o e coordena\u00e7\u00e3o de projetos e campanhas no \u00e2mbito municipal. Dentre suas atribui\u00e7\u00f5es est\u00e1 proporcionar suporte t\u00e9cnico e financeiro no desenvolvimento de projetos e capacita\u00e7\u00e3o profissional na \u00e1rea municipal de sa\u00fade.<\/div>\n<h3>Hor\u00e1rio de Funcionamento\u00a0Secretaria da Sa\u00fade\u00a0em S\u00e3o Luis<\/h3>\n<ul>\n<li>Segunda a Quinta das 08h \u00e0s 18h \/ Sexta das 08h \u00e0s 13h30<\/li>\n<\/ul>\n<h3>Endere\u00e7o e Telefone\u00a0Secretaria da Sa\u00fade em S\u00e3o Luis<\/h3>\n<ul>\n<li>Anjo da Guarda: Av. Mo\u00e7ambique, 1 &#8211; Telefone: (98) 3242-5866<\/li>\n<li>Camboa:\u00a0R. Oswaldo Cruz, 1374 &#8211; Telefone:\u00a0(98) 3212-8283<\/li>\n<li>Alemanha 1:\u00a0<span class=\"w8qArf\">\u00a0<\/span><span class=\"LrzXr\">Av. dos Franceses, 78 &#8211; Telefone:\u00a0(98) 3212-8258<\/span><\/li>\n<li>Alemanha 2:\u00a0R. Viveiros de Castro, 58 &#8211; Telefone:\u00a0(98) 3222-9045<\/li>\n<\/ul>\n<h3>Outras informa\u00e7\u00f5es e site<\/h3>\n<ul>\n<li>Mais informa\u00e7\u00f5es:\u00a0<a href=\"http:\/\/www.saude.goiania.go.gov.br\/\" target=\"_blank\" rel=\"noopener noreferrer\">www.saude.goiania.go.gov.br<\/a><\/li>\n<\/ul>\n<h4>Mapa de localiza\u00e7\u00e3o Alemanha 2<\/h4>\n<a class=\"wp-colorbox-iframe\" href=\"https:\/\/www.google.com\/maps\/embed?pb=!1m18!1m12!1m3!1d3985.9085606520935!2d-44.27816068524409!3d-2.5367143981515987!2m3!1f0!2f0!3f0!3m2!1i1024!2i768!4f13.1!3m3!1m2!1s0x7f68e4d5349417d0x16c4cfa130ce93a7!2sR.+Viveiros+de+Castro+58+-+Apeadouro+So+Lus+-+MA+65036-710!5e0!3m2!1spt-BR!2sbr!4v1540032310660\"><img decoding=\"async\" src=\"http:\/\/www.encontrasaoluisma.com.br\/imgs\/maps-post.png\"><\/a>\n\n<div style=\"font-size: 0px; height: 0px; line-height: 0px; margin: 0; padding: 0; clear: both;\"><\/div>","protected":false},"excerpt":{"rendered":"<p>A Secretaria Municipal de Sa\u00fade S\u00e3o Luis tem como atribui\u00e7\u00f5es planejar, desenvolver, orientar, coordenar e executar a pol\u00edtica de sa\u00fade do munic\u00edpio, compreendendo tanto o cuidado ambulatorial quanto o hospitalar. \u00c9 de responsabilidade da Secretaria tamb\u00e9m planejar, desenvolver e executar as a\u00e7\u00f5es de vigil\u00e2ncia sanit\u00e1ria e epidemiol\u00f3gica afetas \u00e0 sua compet\u00eancia. A Secretaria Municipal de Sa\u00fade &#8211; SEMUS foi criada pela Lei n\u00ba 1.648, em 10 de janeiro de 1966. A SEMUS \u00e9 um \u00f3rg\u00e3o diretamente subordinado a Prefeitura de S\u00e3o Luis, e tem como objetivo promover assist\u00eancia m\u00e9dico-hospitalar, odontol\u00f3gica, de profilaxias, campanhas sanit\u00e1rias e epidemiol\u00f3gicas de preven\u00e7\u00e3o, bem como <\/p>\n","protected":false},"author":1,"featured_media":0,"parent":0,"menu_order":0,"comment_status":"closed","ping_status":"closed","template":"","meta":{"footnotes":""},"class_list":["post-1477","page","type-page","status-publish","hentry"],"_links":{"self":[{"href":"https:\/\/www.encontrasaoluisma.com.br\/sobre\/wp-json\/wp\/v2\/pages\/1477","targetHints":{"allow":["GET"]}}],"collection":[{"href":"https:\/\/www.encontrasaoluisma.com.br\/sobre\/wp-json\/wp\/v2\/pages"}],"about":[{"href":"https:\/\/www.encontrasaoluisma.com.br\/sobre\/wp-json\/wp\/v2\/types\/page"}],"author":[{"embeddable":true,"href":"https:\/\/www.encontrasaoluisma.com.br\/sobre\/wp-json\/wp\/v2\/users\/1"}],"replies":[{"embeddable":true,"href":"https:\/\/www.encontrasaoluisma.com.br\/sobre\/wp-json\/wp\/v2\/comments?post=1477"}],"version-history":[{"count":8,"href":"https:\/\/www.encontrasaoluisma.com.br\/sobre\/wp-json\/wp\/v2\/pages\/1477\/revisions"}],"predecessor-version":[{"id":1610,"href":"https:\/\/www.encontrasaoluisma.com.br\/sobre\/wp-json\/wp\/v2\/pages\/1477\/revisions\/1610"}],"wp:attachment":[{"href":"https:\/\/www.encontrasaoluisma.com.br\/sobre\/wp-json\/wp\/v2\/media?parent=1477"}],"curies":[{"name":"wp","href":"https:\/\/api.w.org\/{rel}","templated":true}]}}

Secretaria Municipal da Saúde São Luis

<div class="b2725ec362a26ac90450d31a667f90fe" data-index="1" style="float: none; margin:0px;">
<!-- Anuncio display - global -->
<ins class="adsbygoogle"
     style="display:block"
     data-ad-client="ca-pub-8585364105181520"
     data-ad-slot="8789329856"
     data-ad-format="auto"
     data-full-width-responsive="true"></ins>
<script>
     (adsbygoogle = window.adsbygoogle || []).push({});
</script>
</div>
<p>A <strong>Secretaria Municipal de Saúde São Luis</strong> tem como atribuições planejar, desenvolver, orientar, coordenar e executar a política de saúde do município, compreendendo tanto o cuidado ambulatorial quanto o hospitalar.</p>
<p>É de responsabilidade da Secretaria também planejar, desenvolver e executar as ações de vigilância sanitária e epidemiológica afetas à sua competência.</p>
<p><img loading="lazy" decoding="async" class="alignnone wp-image-1478 size-full" title="Secretaria Municipal da Saúde São Luis" src="http://www.encontrasaoluisma.com.br/sobre/wp-content/uploads/2018/10/secretaria-municipal-da-saude-sao-luis.gif" alt="Secretaria Municipal da Saúde São Luis" width="680" height="189" /></p>
<p>A Secretaria Municipal de Saúde &#8211; SEMUS foi criada pela Lei nº 1.648, em 10 de janeiro de 1966. A SEMUS é um órgão diretamente subordinado a Prefeitura de São Luis, e tem como objetivo promover assistência médico-hospitalar, odontológica, de profilaxias, campanhas sanitárias e epidemiológicas de prevenção, bem como instituir o atendimento e acolhimento humanizado ao usuário da rede municipal de saúde.</p>
<h2>Área de Atuação da Secretaria Municipal da Saúde São Luis</h2>
<div>A<em> área de atuação</em> da Saúde divide-se em:</div>
<div></div>
<div> 1 &#8211; Assistência, que compreende:</div>
<div></div>
<div>    a) Atenção Básica</div>
<div>    b) Média Complexidade</div>
<div>    c) Alta Complexidade</div>
<div></div>
<div> 2 &#8211; Vigilância em Saúde, que aborda:</div>
<div></div>
<div>    a) Vigilância Sanitária</div>
<div>    b) Vigilância Epidemiológica</div>
<div>    c) Vigilância Ambiental</p>
<h3>Responsabilidade da Semus</h3>
</div>
<div>A SEMUS é a <em>responsável</em> pela programação, análise, execução e atualização das Políticas Públicas de Saúde estabelecidas pelo Ministério da Saúde, além da articulação e coordenação de projetos e campanhas no âmbito municipal. Dentre suas atribuições está proporcionar suporte técnico e financeiro no desenvolvimento de projetos e capacitação profissional na área municipal de saúde.</div>
<h3>Horário de Funcionamento Secretaria da Saúde em São Luis</h3>
<ul>
<li>Segunda a Quinta das 08h às 18h / Sexta das 08h às 13h30</li>
</ul>
<h3>Endereço e Telefone Secretaria da Saúde em São Luis</h3>
<ul>
<li>Anjo da Guarda: Av. Moçambique, 1 &#8211; Telefone: (98) 3242-5866</li>
<li>Camboa: R. Oswaldo Cruz, 1374 &#8211; Telefone: (98) 3212-8283</li>
<li>Alemanha 1: <span class="w8qArf"> </span><span class="LrzXr">Av. dos Franceses, 78 &#8211; Telefone: (98) 3212-8258</span></li>
<li>Alemanha 2: R. Viveiros de Castro, 58 &#8211; Telefone: (98) 3222-9045</li>
</ul>
<h3>Outras informações e site</h3>
<ul>
<li>Mais informações: <a href="http://www.saude.goiania.go.gov.br/" target="_blank" rel="noopener noreferrer">www.saude.goiania.go.gov.br</a></li>
</ul>
<h4>Mapa de localização Alemanha 2</h4>
<a class="wp-colorbox-iframe" href="https://www.google.com/maps/embed?pb=!1m18!1m12!1m3!1d3985.9085606520935!2d-44.27816068524409!3d-2.5367143981515987!2m3!1f0!2f0!3f0!3m2!1i1024!2i768!4f13.1!3m3!1m2!1s0x7f68e4d5349417d0x16c4cfa130ce93a7!2sR.+Viveiros+de+Castro+58+-+Apeadouro+So+Lus+-+MA+65036-710!5e0!3m2!1spt-BR!2sbr!4v1540032310660"><img decoding="async" src="http://www.encontrasaoluisma.com.br/imgs/maps-post.png"></a>

<div style="font-size: 0px; height: 0px; line-height: 0px; margin: 0; padding: 0; clear: both;"></div>

<p>A Secretaria Municipal de Saúde São Luis tem como atribuições planejar, desenvolver, orientar, coordenar e executar a política de saúde do município, compreendendo tanto o cuidado ambulatorial quanto o hospitalar. É de responsabilidade da Secretaria também planejar, desenvolver e executar as ações de vigilância sanitária e epidemiológica afetas à sua competência. A Secretaria Municipal de Saúde &#8211; SEMUS foi criada pela Lei nº 1.648, em 10 de janeiro de 1966. A SEMUS é um órgão diretamente subordinado a Prefeitura de São Luis, e tem como objetivo promover assistência médico-hospitalar, odontológica, de profilaxias, campanhas sanitárias e epidemiológicas de prevenção, bem como </p>
