{"id":1503,"date":"2018-10-21T13:27:16","date_gmt":"2018-10-21T13:27:16","guid":{"rendered":"http:\/\/www.encontrasaoluisma.com.br\/sobre\/?page_id=1503"},"modified":"2018-10-21T13:27:16","modified_gmt":"2018-10-21T13:27:16","slug":"feirinha-sao-luis","status":"publish","type":"page","link":"https:\/\/www.encontrasaoluisma.com.br\/sobre\/feirinha-sao-luis\/","title":{"rendered":"Feirinha S\u00e3o Luis"},"content":{"rendered":"<div class=\"b2725ec362a26ac90450d31a667f90fe\" data-index=\"1\" style=\"float: none; margin:0px;\">\n<!-- Anuncio display - global -->\r\n<ins class=\"adsbygoogle\"\r\n     style=\"display:block\"\r\n     data-ad-client=\"ca-pub-8585364105181520\"\r\n     data-ad-slot=\"8789329856\"\r\n     data-ad-format=\"auto\"\r\n     data-full-width-responsive=\"true\"><\/ins>\r\n<script>\r\n     (adsbygoogle = window.adsbygoogle || []).push({});\r\n<\/script>\n<\/div>\n<p>Fortalecendo a agricultura familiar, o Programa <strong>Feirinha S\u00e3o Lu\u00eds<\/strong>, realizado pela Prefeitura por meio da Secretaria Municipal de Agricultura, Pesca e Abastecimento (Semapa), vem agregando tamb\u00e9m setores como cultura, gastronomia, artesanato e literatura. O evento dominical da fam\u00edlia ludovicense e dos turistas serve como vitrine para expor o que de melhor \u00e9 produzido no Maranh\u00e3o. Em junho, o evento destacou as festas juninas reunindo atra\u00e7\u00f5es da cultura popular do Maranh\u00e3o no Arraial da Feirinha, iniciativa que prosseguir\u00e1 em julho, durante as f\u00e9rias escolares.<\/p>\n<p>A Feirinha S\u00e3o Lu\u00eds agrega valores importantes da cidade, e \u00e9 abra\u00e7ada pela popula\u00e7\u00e3o com sentimento de pertencimento, que fica ainda mais forte durante o per\u00edodo junino. Pensando nisso, nada mais justo que estender as atra\u00e7\u00f5es culturais como os grupos de bumba meu boi acrescentando que a iniciativa segue orienta\u00e7\u00e3o do prefeito Edivaldo.<\/p>\n<p><img loading=\"lazy\" decoding=\"async\" class=\"alignnone wp-image-1504 size-full\" title=\"Feirinha S\u00e3o Luis\" src=\"http:\/\/www.encontrasaoluisma.com.br\/sobre\/wp-content\/uploads\/2018\/10\/feirinha-sao-luis.gif\" alt=\"Feirinha S\u00e3o Luis\" width=\"680\" height=\"189\" \/><\/p>\n<p>O programa Feirinha S\u00e3o Lu\u00eds nasceu em junho de 2017, executado na gest\u00e3o do prefeito Edivaldo, por meio da Secretaria Municipal de Agricultura, Pesca e Abastecimento (Semapa), ocorre todos os domingos na Pra\u00e7a Benedito Leite, tendo como objetivo principal incentivar a venda de produtos agroecol\u00f3gicos oriundos da agricultura familiar, al\u00e9m de apresentar aos visitantes a cultura e gastronomia ludovicense.<\/p>\n<p>Em apenas um ano de exist\u00eancia a Feirinha movimentou mais de 20 toneladas de produtos e subprodutos da agricultura local, recebendo cerca de 240 mil pessoas que geraram um capital circulante de quase R$ 12 milh\u00f5es nos mais de 120 pontos de comercializa\u00e7\u00e3o dentro e no entorno da Pra\u00e7a. No palco montado em frente \u00e0 Associa\u00e7\u00e3o Comercial j\u00e1 foram realizadas aproximadamente 300 apresenta\u00e7\u00f5es culturais.<\/p>\n<p>Cerca de 100 barracas s\u00e3o distribu\u00eddas pela Pra\u00e7a Benedito Leite para compor a Feirinha S\u00e3o Lu\u00eds, destinadas para venda de produtos oriundos da agricultura familiar, artesanato, alimenta\u00e7\u00e3o e ainda conta com foodtrucks e foodbikes.<\/p>\n<h3>Hor\u00e1rio de Funcionamento Feirinha em S\u00e3o Lu\u00eds<\/h3>\n<ul>\n<li>Domingos\u00a0das 07h \u00e0s 15h<\/li>\n<\/ul>\n<h3>Endere\u00e7o e Telefone Feirinha em S\u00e3o Lu\u00eds<\/h3>\n<ul>\n<li>Rua 28 de Julho, 533-585 &#8211; Centro\u00a0-S\u00e3o Lu\u00eds &#8211; MA<\/li>\n<\/ul>\n<h4>Mapa de localiza\u00e7\u00e3o<\/h4>\n<a class=\"wp-colorbox-iframe\" href=\"https:\/\/www.google.com\/maps\/embed?pb=!1m14!1m8!1m3!1d15943.736841209697!2d-44.304751!3d-2.5283784!3m2!1i1024!2i768!4f13.1!3m3!1m2!1s0x00x773b4f318e4290d5!2zRmVpcmluaGEgU8OjbyBMdcOtcw!5e0!3m2!1spt-BR!2sbr!4v1540128265414\"><img decoding=\"async\" src=\"http:\/\/www.encontrasaoluisma.com.br\/imgs\/maps-post.png\"><\/a>\n\n<div style=\"font-size: 0px; height: 0px; line-height: 0px; margin: 0; padding: 0; clear: both;\"><\/div>","protected":false},"excerpt":{"rendered":"<p>Fortalecendo a agricultura familiar, o Programa Feirinha S\u00e3o Lu\u00eds, realizado pela Prefeitura por meio da Secretaria Municipal de Agricultura, Pesca e Abastecimento (Semapa), vem agregando tamb\u00e9m setores como cultura, gastronomia, artesanato e literatura. O evento dominical da fam\u00edlia ludovicense e dos turistas serve como vitrine para expor o que de melhor \u00e9 produzido no Maranh\u00e3o. Em junho, o evento destacou as festas juninas reunindo atra\u00e7\u00f5es da cultura popular do Maranh\u00e3o no Arraial da Feirinha, iniciativa que prosseguir\u00e1 em julho, durante as f\u00e9rias escolares. A Feirinha S\u00e3o Lu\u00eds agrega valores importantes da cidade, e \u00e9 abra\u00e7ada pela popula\u00e7\u00e3o com sentimento de <\/p>\n","protected":false},"author":1,"featured_media":0,"parent":0,"menu_order":0,"comment_status":"closed","ping_status":"closed","template":"","meta":{"footnotes":""},"class_list":["post-1503","page","type-page","status-publish","hentry"],"_links":{"self":[{"href":"https:\/\/www.encontrasaoluisma.com.br\/sobre\/wp-json\/wp\/v2\/pages\/1503","targetHints":{"allow":["GET"]}}],"collection":[{"href":"https:\/\/www.encontrasaoluisma.com.br\/sobre\/wp-json\/wp\/v2\/pages"}],"about":[{"href":"https:\/\/www.encontrasaoluisma.com.br\/sobre\/wp-json\/wp\/v2\/types\/page"}],"author":[{"embeddable":true,"href":"https:\/\/www.encontrasaoluisma.com.br\/sobre\/wp-json\/wp\/v2\/users\/1"}],"replies":[{"embeddable":true,"href":"https:\/\/www.encontrasaoluisma.com.br\/sobre\/wp-json\/wp\/v2\/comments?post=1503"}],"version-history":[{"count":1,"href":"https:\/\/www.encontrasaoluisma.com.br\/sobre\/wp-json\/wp\/v2\/pages\/1503\/revisions"}],"predecessor-version":[{"id":1505,"href":"https:\/\/www.encontrasaoluisma.com.br\/sobre\/wp-json\/wp\/v2\/pages\/1503\/revisions\/1505"}],"wp:attachment":[{"href":"https:\/\/www.encontrasaoluisma.com.br\/sobre\/wp-json\/wp\/v2\/media?parent=1503"}],"curies":[{"name":"wp","href":"https:\/\/api.w.org\/{rel}","templated":true}]}}