{"id":43,"date":"2017-12-08T12:57:53","date_gmt":"2017-12-08T12:57:53","guid":{"rendered":"http:\/\/www.encontrasaoluisma.com.br\/noticias\/?page_id=43"},"modified":"2025-09-26T14:38:16","modified_gmt":"2025-09-26T14:38:16","slug":"sobre-sao-luis","status":"publish","type":"page","link":"https:\/\/www.encontrasaoluisma.com.br\/sobre\/","title":{"rendered":"Sobre S\u00e3o Lu\u00eds"},"content":{"rendered":"<div class=\"b2725ec362a26ac90450d31a667f90fe\" data-index=\"1\" style=\"float: none; margin:0px;\">\n<!-- Anuncio display - global -->\r\n<ins class=\"adsbygoogle\"\r\n     style=\"display:block\"\r\n     data-ad-client=\"ca-pub-8585364105181520\"\r\n     data-ad-slot=\"8789329856\"\r\n     data-ad-format=\"auto\"\r\n     data-full-width-responsive=\"true\"><\/ins>\r\n<script>\r\n     (adsbygoogle = window.adsbygoogle || []).push({});\r\n<\/script>\n<\/div>\n<h2>Limites &#8211; Cidades Vizinhas<\/h2>\n<p>Pa\u00e7o do Lumiar, S\u00e3o Jos\u00e9 de Ribamar, Raposa e Alc\u00e2ntara.<\/p>\n<p>&nbsp;<\/p>\n<h3>Dados Principais sobre S\u00e3o Lu\u00eds<img loading=\"lazy\" decoding=\"async\" class=\"alignright wp-image-44 size-full\" src=\"https:\/\/www.encontrasaoluisma.com.br\/sobre\/wp-content\/uploads\/2017\/12\/brasao-da-cidade-sao-luis.jpg\" alt=\"\" width=\"104\" height=\"119\" \/><\/h3>\n<p><strong>Anivers\u00e1rio:<\/strong> 8 de Setembro<br \/>\n<strong>Funda\u00e7\u00e3o:<\/strong> 1612<br \/>\n<strong>Gent\u00edlico:<\/strong> S\u00e3o-luisense<br \/>\n<strong>\u00c1rea:<\/strong> 827,141 Km\u00b2<br \/>\n<strong>Popula\u00e7\u00e3o:<\/strong> 1 053 919 hab. (2010)<br \/>\n<strong>IDH:<\/strong> 0,768 &#8211; m\u00e9dio <img loading=\"lazy\" decoding=\"async\" class=\"alignright wp-image-45 size-full\" src=\"https:\/\/www.encontrasaoluisma.com.br\/sobre\/wp-content\/uploads\/2017\/12\/bandeira-da-cidade-sao-luis.jpg\" alt=\"\" width=\"145\" height=\"93\" \/><br \/>\n<a href=\"https:\/\/www.prefeituradesaoluis.org\/\" target=\"_blank\" rel=\"noopener noreferrer\"><strong>Prefeitura<\/strong> S\u00e3o Lu\u00eds<\/a><\/p>\n<p>&nbsp;<\/p>\n<h2>Moradores ilustres de S\u00e3o Lu\u00eds<\/h2>\n<p><iframe loading=\"lazy\" style=\"border: none; overflow: hidden; width: 100%; height: 252px;\" src=\"https:\/\/www.facebook.com\/plugins\/likebox.php?href=http%3A%2F%2Fwww.facebook.com%2Fsaoluisdomaranhao&amp;width=520&amp;colorscheme=light&amp;show_faces=true&amp;stream=false&amp;header=false&amp;height=252\" width=\"300\" height=\"150\" frameborder=\"0\" scrolling=\"No\"><\/iframe><\/p>\n<h2>Hist\u00f3ria de S\u00e3o Lu\u00eds<\/h2>\n<p><img loading=\"lazy\" decoding=\"async\" width=\"565\" height=\"198\" class=\"alignnone size-full wp-image-46\" style=\"width: 100%; height: auto;\" src=\"https:\/\/www.encontrasaoluisma.com.br\/sobre\/wp-content\/uploads\/2017\/12\/cidade-sao-luis.jpg\" alt=\"\" srcset=\"https:\/\/www.encontrasaoluisma.com.br\/sobre\/wp-content\/uploads\/2017\/12\/cidade-sao-luis.jpg 565w, https:\/\/www.encontrasaoluisma.com.br\/sobre\/wp-content\/uploads\/2017\/12\/cidade-sao-luis-300x105.jpg 300w\" sizes=\"auto, (max-width: 565px) 100vw, 565px\" \/><br \/>\n<strong>S\u00e3o Lu\u00eds<\/strong> \u00e9 uma cidade brasileira e a capital do estado do Maranh\u00e3o. \u00c9 a \u00fanica cidade brasileira fundada por franceses, no dia 8 de setembro de 1612, tendo sido posteriormente invadida por holandeses. Em seguida, foi colonizada pelos portugueses. Localiza-se na ilha de Upaon-A\u00e7u, no Atl\u00e2ntico Sul, entre as ba\u00edas de S\u00e3o Marcos e S\u00e3o Jos\u00e9 de Ribamar. Em 1621, quando o Brasil foi dividido em duas unidades administrativas \u2014 Estado do Maranh\u00e3o e Estado do Brasil \u2014 S\u00e3o Lu\u00eds foi a capital da primeira unidade administrativa.<\/p>\n<p>A capital maranhense tem um desenvolvido setor industrial por conta de grandes corpora\u00e7\u00f5es e empresas de diversos \u00e1reas que se instalaram na cidade pela sua privilegiada posi\u00e7\u00e3o geogr\u00e1fica entre as regi\u00f5es Norte e Nordeste do pa\u00eds, seu litoral estrategicamente localizado bem mais pr\u00f3ximo de grandes centros importadores de produtos brasileiros como Europa e Estados Unidos, o que permite economia de combust\u00edveis e redu\u00e7\u00e3o no prazo de entrega de mercadorias provenientes do Brasil pelo Porto de Itaqui que \u00e9 o segundo mais profundo do mundo e um dos mais movimentados, sofisticados e bem estruturados para o com\u00e9rcio exterior no Brasil.<\/p>\n<p>A cidade est\u00e1 ligada ao interior do estado por meio de uma linha f\u00e9rrea e tamb\u00e9m aos estados vizinhos do Par\u00e1, Tocantins e Piau\u00ed o que facilita e barateia a escoa\u00e7\u00e3o agr\u00edcola vinda do interior do pa\u00eds para o porto de Itaqui, sendo que, com a conclus\u00e3o da Ferrovia Norte-Sul, a cidade vai estar interligada a todas as regi\u00f5es brasileiras por ferrovias. Por rodovia, a ilha j\u00e1 \u00e9 servida pela BR-135. que a liga ao continente e, por ar, conta com o Aeroporto Internacional Marechal Cunha Machado, com capacidade de atender mais de um milh\u00e3o de passageiros por ano e que j\u00e1 opera com demanda quase saturada pelo movimento intenso de passageiros n\u00e3o somente da cidade de S\u00e3o Lu\u00eds, mas tamb\u00e9m por servir como porta de entrada por ser o maior e mais movimentado aeroporto pr\u00f3ximo ao Parque Nacional dos Len\u00e7\u00f3is Maranhenses.<\/p>\n<p>O clima em <a href=\"\/\">S\u00e3o Lu\u00eds<\/a> \u00e9 tropical e semi\u00famido. Isso se deve ao fato de a cidade estar localizada pr\u00f3xima a Zona de Converg\u00eancia Intertropical. A cidade apresenta grande quantidade de coqueiros e muita vegeta\u00e7\u00e3o litor\u00e2nea. H\u00e1 pequenas \u00e1reas de Floresta Amaz\u00f4nica que resistiram ao processo de urbaniza\u00e7\u00e3o da cidade, todas protegidas por parques ambientais. Pequenos rios nascem na cidade: entre eles, o Rio Bacanga \u00e9 o mais importante pois \u00e9 muito \u00fatil para a pesca.<\/p>\n<p>Em 2010, o Instituto Brasileiro de Geografia e Estat\u00edstica contou a popula\u00e7\u00e3o em 1 014 837, o que torna S\u00e3o Lu\u00eds o munic\u00edpio mais populoso do estado, o 15\u00b0 munic\u00edpio mais populoso do Brasil, e o 4\u00b0 da Regi\u00e3o Nordeste (ficando atr\u00e1s somente de Salvador, Fortaleza e Recife) sendo ainda, a d\u00e9cima terceira capital mais populosa do Brasil. Sua \u00e1rea \u00e9 de 831,7 km\u00b2, e desse total 157,5656 km\u00b2 est\u00e3o em per\u00edmetro urbano. O munic\u00edpio faz parte da Mesorregi\u00e3o do Norte Maranhense e da Microrregi\u00e3o da Aglomera\u00e7\u00e3o Urbana de S\u00e3o Lu\u00eds, localizadas a norte do estado do Maranh\u00e3o. O \u00cdndice de Desenvolvimento Humano (IDH) do munic\u00edpio, segundo dados das Na\u00e7\u00f5es Unidas datados do ano 2010, \u00e9 de 0,768, alto se comparado ao \u00edndice de desenvolvimento humano do Maranh\u00e3o (que foi de 0,639 no mesmo ano), e acima da m\u00e9dia brasileira, sendo a decima quinta capital estadual brasileira com maior IDH e a terceira capital do Nordeste com maior IDH, perdendo apenas para Recife e Aracaju.<\/p>\n<p><strong>Economia<\/strong><\/p>\n<p>A economia maranhense foi uma das mais pr\u00f3speras do pa\u00eds at\u00e9 a metade do s\u00e9culo XIX74 75 . Todavia, ap\u00f3s o fim da Guerra Civil dos Estados Unidos da Am\u00e9rica76 , quando perdeu espa\u00e7o na exporta\u00e7\u00e3o de algod\u00e3o, o estado entrou em colapso; somente ap\u00f3s o final da d\u00e9cada de 1960 no s\u00e9culo XX o estado passou a receber incentivos e saiu do isolamento, com liga\u00e7\u00f5es f\u00e9rreas e rodovi\u00e1rias com outras regi\u00f5es.<\/p>\n<p>No fim do s\u00e9culo XVIII, o aumento da demanda internacional por algod\u00e3o para atender as industrial t\u00eaxtil inglesa aliado \u00e0 redu\u00e7\u00e3o da produ\u00e7\u00e3o estadunidense por causa da Guerra da Independ\u00eancia dos Estados Unidos forneceram o cen\u00e1rio ideal para o est\u00edmulo da produ\u00e7\u00e3o algodoeira no Maranh\u00e3o. As companhias de navega\u00e7\u00e3o Southampton &amp; Maranham Company e Maranham Shipping Company, de transporte mar\u00edtimo a vapor, que realizavam o transporte do algod\u00e3o dos estados da Ge\u00f3rgia e do Alabama, passaram a operar no eixo S\u00e3o Lu\u00eds \u2013 Londres, levando a produ\u00e7\u00e3o de Caxias e da Baixada Maranhense. At\u00e9 o in\u00edcio do s\u00e9culo XX, S\u00e3o Lu\u00eds ainda exportava algod\u00e3o para a Inglaterra por via mar\u00edtima, atrav\u00e9s das linhas Red Cross Line e Booth Line (cuja rota se estendia at\u00e9 Iquitos) e da companhia Liverpool-Maranham Shipping Company.<\/p>\n<p>Nesse per\u00edodo, a fase de ouro da economia maranhense, S\u00e3o Lu\u00eds passou a viver uma efervesc\u00eancia cultural. A <a href=\"\/\">cidade de S\u00e3o Lu\u00eds<\/a>, que se relacionava mais com as capitais europeias que as outras cidades brasileiras, foi a primeira a receber uma companhia italiana de \u00f3pera. Possu\u00eda cal\u00e7amento e ilumina\u00e7\u00e3o como poucas do pa\u00eds. Recebia semanalmente as \u00faltimas novidades da literatura francesa. As grandes fortunas algodoeiras e os comerciais locais enviavam seus filhos para estudar em Recife, Salvador, Rio de Janeiro e, principalmente, Europa.<\/p>\n<p>A inaugura\u00e7\u00e3o do Porto do Itaqui, em S\u00e3o Lu\u00eds, atualmente o segundo em profundidade no mundo, ficando atr\u00e1s apenas do de Roterd\u00e3, na Holanda, e um dos mais movimentados do pa\u00eds, serviu para escoar a produ\u00e7\u00e3o industrial e de min\u00e9rio de ferro vinda de trem da Serra dos Caraj\u00e1s, atividade explorada pela Companhia Vale do Rio Doce. A estrat\u00e9gica proximidade com os mercados europeus e norte americanos fez do Porto uma atraente op\u00e7\u00e3o de exporta\u00e7\u00e3o, mas padece de maior navega\u00e7\u00e3o de cabotagem.<\/p>\n<p>A economia ludovicense baseia-se na ind\u00fastria de transforma\u00e7\u00e3o de alum\u00ednio, aliment\u00edcia, turismo e nos servi\u00e7os. S\u00e3o Lu\u00eds possui o maior PIB do estado, sediando duas universidades p\u00fablicas(UFMA e UEMA) e v\u00e1rios centros de ensino e faculdades particulares. Segundo o \u00faltimo levantamento de dados do Instituto Brasileiro de Geografia e Estat\u00edstica, a cidade de S\u00e3o Lu\u00eds possui o produto interno bruto de 9 340 944 000 reais, sendo, assim, a 29\u00ba economia nacional entre os mais de 5 560 munic\u00edpios brasileiros e ocupando a 14\u00ba posi\u00e7\u00e3o entre as capitais.<\/p>\n<p><strong>Cultura<\/strong><\/p>\n<p>S\u00e3o Lu\u00eds tem manifesta\u00e7\u00f5es muito fortes como o bumba-meu-boi, festa de tradi\u00e7\u00e3o afro-ind\u00edgena que aflora na cidade nas festas do m\u00eas de junho. Al\u00e9m disso, possui o Tambor de Crioula, o Cacuri\u00e1, o &#8220;Tambor de Mina&#8221; (religi\u00e3o afro-brasileira, que tem na Casa Grande das Minas Jeje &#8211; fundada em meados do s\u00e9culo XIX &#8211; seu mais importante terreiro, ou Querebetan). Estas manifesta\u00e7\u00f5es acontecem no per\u00edodo das festas juninas. No carnaval, a tradi\u00e7\u00e3o de S\u00e3o Lu\u00eds \u00e9 um forte carnaval de rua, onde os blocos populares se misturam aos brincantes e \u00e0s bandinhas tradicionais.<\/p>\n<p>No fim do s\u00e9culo XVIII, o aumento da demanda internacional por algod\u00e3o para atender as industrial t\u00eaxtil inglesa aliado \u00e0 redu\u00e7\u00e3o da produ\u00e7\u00e3o norte americana por causa da Guerra de Independ\u00eancia nos Estados Unidos forneceram o cen\u00e1rio ideal para o est\u00edmulo da produ\u00e7\u00e3o algodoeira no Maranh\u00e3o. Nesse per\u00edodo, a fase de ouro da economia maranhense, S\u00e3o Lu\u00eds passou a viver uma efervesc\u00eancia cultural. A cidade, que se relacionava mais com as capitais europeias que as outras cidades brasileiras, foi a primeira a receber uma companhia italiana de \u00f3pera. Recebia semanalmente as \u00faltimas novidades da literatura francesa. As grandes fortunas algodoeiras e os comerciais locais enviavam seus filhos para estudar em Recife, Salvador, Rio de Janeiro e, principalmente, Europa. \u00c9 nessa fase que S\u00e3o Lu\u00eds passa a ser conhecida por &#8220;Atenas Brasileira&#8221;. A denomina\u00e7\u00e3o decorre do n\u00famero de escritores locais que exerceram papel importante nos movimentos liter\u00e1rios brasileiros a partir do romantismo. Surgiu, assim, a imagem do Maranh\u00e3o como o estado que fala o melhor portugu\u00eas do pa\u00eds.<\/p>\n<p>A primeira gram\u00e1tica do Brasil foi escrita e editada na cidade por Sotero dos Reis. Mesmo nos dias atuais a cidade ainda tem uma grande voca\u00e7\u00e3o natural para a literatura e poesia.<\/p>\n<p>Faz parte do seu patrim\u00f4nio cultural a riqueza de poemas e romances dos seus grandes escritores, tais como Alu\u00edsio de Azevedo, Gon\u00e7alves Dias, Gra\u00e7a Aranha, dentre outros, o que tornou a cidade conhecida como a Atenas Maranhense. Al\u00e9m da literatura, os ritmos cadenciados transbordam alegria e sensualidade, atrav\u00e9s do tambor-de-crioula, do reggae e do bumba-meu-boi.<\/p>\n<p>Em 1 de setembro de 2010, S\u00e3o Lu\u00eds foi eleita a Capital Americana da Cultura para o ano de 2012, por Xavier Tudela. Isto \u00e9 uma iniciativa cultural, de coopera\u00e7\u00e3o e de promo\u00e7\u00e3o nos pa\u00edses da Am\u00e9rica, respeitando a sua diversidade nacional e regional e destacando o seu patrim\u00f4nio cultural.<\/p>\n<p>A cidade foi tombada pela Organiza\u00e7\u00e3o das Na\u00e7\u00f5es Unidas para a Educa\u00e7\u00e3o, a Ci\u00eancia e a Cultura como Patrim\u00f4nio cultural da Humanidade, em 1997. Possui um acervo arquitet\u00f4nico colonial avaliado em cerca de 3 500 pr\u00e9dios, distribu\u00eddos por mais de 220 hectares de Centro Hist\u00f3rico, sendo grande parte deles sobrad\u00f5es com mirantes, muitos revestidos com preciosos azulejos portugueses. V\u00e1rios pr\u00e9dios foram restaurados; a <a href=\"https:\/\/www.prefeituradesaoluis.com.br\" target=\"_blank\" rel=\"noopener noreferrer\">Prefeitura<\/a>, por exemplo, funciona no Pal\u00e1cio la Ravardi\u00e8re, constru\u00e7\u00e3o de 1689.<\/p>\n<p>Para homenagear a comunidade de moradores desta maravilhosa cidade, o <a href=\"https:\/\/www.encontramaranhao.com.br\" target=\"_blank\" rel=\"noopener noreferrer\">Encontra Maranh\u00e3o<\/a> criou o <a href=\"\/\">Encontra S\u00e3o Lu\u00eds<\/a>.<\/p>\n\n<div style=\"font-size: 0px; height: 0px; line-height: 0px; margin: 0; padding: 0; clear: both;\"><\/div>","protected":false},"excerpt":{"rendered":"<p>Limites &#8211; Cidades Vizinhas Pa\u00e7o do Lumiar, S\u00e3o Jos\u00e9 de Ribamar, Raposa e Alc\u00e2ntara. &nbsp; Dados Principais sobre S\u00e3o Lu\u00eds Anivers\u00e1rio: 8 de Setembro Funda\u00e7\u00e3o: 1612 Gent\u00edlico: S\u00e3o-luisense \u00c1rea: 827,141 Km\u00b2 Popula\u00e7\u00e3o: 1 053 919 hab. (2010) IDH: 0,768 &#8211; m\u00e9dio Prefeitura S\u00e3o Lu\u00eds &nbsp; Moradores ilustres de S\u00e3o Lu\u00eds Hist\u00f3ria de S\u00e3o Lu\u00eds S\u00e3o Lu\u00eds \u00e9 uma cidade brasileira e a capital do estado do Maranh\u00e3o. \u00c9 a \u00fanica cidade brasileira fundada por franceses, no dia 8 de setembro de 1612, tendo sido posteriormente invadida por holandeses. Em seguida, foi colonizada pelos portugueses. Localiza-se na ilha de Upaon-A\u00e7u, no <\/p>\n","protected":false},"author":1,"featured_media":0,"parent":0,"menu_order":0,"comment_status":"closed","ping_status":"closed","template":"","meta":{"footnotes":""},"class_list":["post-43","page","type-page","status-publish","hentry"],"_links":{"self":[{"href":"https:\/\/www.encontrasaoluisma.com.br\/sobre\/wp-json\/wp\/v2\/pages\/43","targetHints":{"allow":["GET"]}}],"collection":[{"href":"https:\/\/www.encontrasaoluisma.com.br\/sobre\/wp-json\/wp\/v2\/pages"}],"about":[{"href":"https:\/\/www.encontrasaoluisma.com.br\/sobre\/wp-json\/wp\/v2\/types\/page"}],"author":[{"embeddable":true,"href":"https:\/\/www.encontrasaoluisma.com.br\/sobre\/wp-json\/wp\/v2\/users\/1"}],"replies":[{"embeddable":true,"href":"https:\/\/www.encontrasaoluisma.com.br\/sobre\/wp-json\/wp\/v2\/comments?post=43"}],"version-history":[{"count":7,"href":"https:\/\/www.encontrasaoluisma.com.br\/sobre\/wp-json\/wp\/v2\/pages\/43\/revisions"}],"predecessor-version":[{"id":2627,"href":"https:\/\/www.encontrasaoluisma.com.br\/sobre\/wp-json\/wp\/v2\/pages\/43\/revisions\/2627"}],"wp:attachment":[{"href":"https:\/\/www.encontrasaoluisma.com.br\/sobre\/wp-json\/wp\/v2\/media?parent=43"}],"curies":[{"name":"wp","href":"https:\/\/api.w.org\/{rel}","templated":true}]}}